{"id":39,"date":"2016-03-08T15:55:06","date_gmt":"2016-03-08T14:55:06","guid":{"rendered":"http:\/\/www.lafabriquedesimpossibles.com\/revons-rue-2016\/?page_id=39"},"modified":"2016-03-23T12:42:41","modified_gmt":"2016-03-23T11:42:41","slug":"partenaires","status":"publish","type":"page","link":"http:\/\/www.lafabriquedesimpossibles.com\/revons-rue-2016\/partenaires\/","title":{"rendered":"LES PARTENAIRES"},"content":{"rendered":"<p style=\"text-align: center;\">La Fabrique des Impossibles remercie chaleureusement :<\/p>\n<hr \/>\n<div class=\"row\"> <div class=\"col-md-6\">\n<p style=\"text-align: justify;\"><strong>Compagnie Si tu vois Adrienne<\/strong> \/ Th\u00e9\u00e2tre \/ Paris 18<\/p>\n<p style=\"text-align: justify;\"><strong>Compagnie Le Fer \u00e0 Coudre\u00a0<\/strong><\/p>\n<p style=\"text-align: justify;\"><strong>Association M\u00e9tropop\u2019<\/strong> \/ \u00cele de France<\/p>\n<p style=\"text-align: justify;\"><strong>Jip\u00e9 Corre<\/strong> \/ Photographe \/ Paris 18<\/p>\n<p style=\"text-align: justify;\"><strong>Compagnie Les Grandes Personnes<\/strong> \/ Th\u00e9\u00e2tre et Arts Plastiques \/ Aubervilliers<\/p>\n<p style=\"text-align: justify;\"><strong>Centre d\u2019animation Binet <\/strong>\/ Paris 18<\/p>\n<p style=\"text-align: justify;\"><strong>Centre social Maison Bleue<\/strong> \/ Paris 18<\/p>\n<p style=\"text-align: justify;\"><strong>Association Aurore<\/strong> \/ Insertion professionnelle \/ Paris 18<\/p>\n<p style=\"text-align: justify;\"><strong>Le Carr\u00e9 des Biffins<\/strong> \/ March\u00e9 social de la r\u00e9cup\u00e9ration \/ Paris 18<\/p>\n<p style=\"text-align: justify;\"><strong>Centre social CAF Belliard<\/strong> \/ Paris 18<\/p>\n<p style=\"text-align: justify;\"><strong>Equipe de D\u00e9veloppement Local\u00a0<\/strong>\/ Paris 18<\/p>\n<p style=\"text-align: justify;\"><strong>Compagnie Caribou<\/strong> \/ Th\u00e9\u00e2tre de rue \/ Aubervilliers<\/p>\n<p style=\"text-align: justify;\"><strong>M\u00e9diath\u00e8que Pers\u00e9polis<\/strong>\u00a0\/ Saint-Ouen<\/p>\n<p style=\"text-align: justify;\"><strong>Espace 1789<\/strong> \/ Salle de spectacle \/ Saint-Ouen<\/p>\n<p style=\"text-align: justify;\"><strong>Compagnie Par Terre &#8211; Anne NGuyen<\/strong> \/ Danse contemporaine \/ En r\u00e9sidence \u00e0\u00a0l&rsquo;Espace 1789<\/p>\n<p style=\"text-align: justify;\"><strong>Atelier Lu-la<\/strong> \/ Art et architecture \/ En r\u00e9sidence \u00e0 Mains d&rsquo;Oeuvres<\/p>\n<p style=\"text-align: justify;\"><\/div><div class=\"col-md-6\">\n<p style=\"text-align: justify;\"><strong>Art-exprim\u00a0<\/strong>\/ Ateliers d&rsquo;arts plastiques \/ Paris 18<\/p>\n<p style=\"text-align: justify;\"><strong>Association One, Two, Three Rap !<\/strong> \/ Cours d\u2019anglais par le rap \/ Paris et Plaine Commune<\/p>\n<p style=\"text-align: justify;\"><strong>Caf\u00e9 du Landy<\/strong> \/ Collectif d\u2019habitants \/ Vieux Saint-Ouen<\/p>\n<p style=\"text-align: justify;\"><strong>Atelier Solidaire<\/strong> \/ Recyclerie, atelier de r\u00e9paration \/ Saint-Ouen<\/p>\n<p style=\"text-align: justify;\"><strong>Maison de quartier du Landy<\/strong> \/ Saint-Ouen<\/p>\n<p style=\"text-align: justify;\"><strong>Compagnie La Halte Garderie &#8211; Johan Amselem<\/strong> \/ Danse contemporaine \/ Paris 18 &#8211; Saint-Ouen<\/p>\n<p style=\"text-align: justify;\"><strong>Louise Traon<\/strong> \/ Vid\u00e9aste \/ Saint-Ouen<\/p>\n<p style=\"text-align: justify;\"><strong>Etienne Gaillochet, Macdara Smith et Beno\u00eet Bouliane<\/strong> \/ Chant et musique \/ Paris<\/p>\n<p style=\"text-align: justify;\"><strong>Association Z\u00e9 Samba<\/strong> \/ \u00c9ducation populaire par la musique br\u00e9slienne \/ Saint-Ouen<\/p>\n<p style=\"text-align: justify;\"><strong>Foyer ADEF<\/strong> \/ Foyer de travailleurs migrants \/ Saint-Ouen<\/p>\n<p style=\"text-align: justify;\"><strong>Les Brasseurs venus de l\u2019Ouen<\/strong> \/ Micro-brasserie \/ Saint-Ouen<\/p>\n<p style=\"text-align: justify;\"><strong>Association Les Poussi\u00e8res<\/strong> \/ Aubervilliers<\/p>\n<p style=\"text-align: justify;\"><strong>Carton port\u00e9<\/strong> \/ Collectif de costumiers \/ \u00cele de France<\/p>\n<\/div><\/div>\n<p>&nbsp;<\/p>\n","protected":false},"excerpt":{"rendered":"<p>La Fabrique des Impossibles remercie chaleureusement : &nbsp;<\/p>\n","protected":false},"author":1,"featured_media":0,"parent":0,"menu_order":4,"comment_status":"closed","ping_status":"closed","template":"","meta":[],"_links":{"self":[{"href":"http:\/\/www.lafabriquedesimpossibles.com\/revons-rue-2016\/wp-json\/wp\/v2\/pages\/39"}],"collection":[{"href":"http:\/\/www.lafabriquedesimpossibles.com\/revons-rue-2016\/wp-json\/wp\/v2\/pages"}],"about":[{"href":"http:\/\/www.lafabriquedesimpossibles.com\/revons-rue-2016\/wp-json\/wp\/v2\/types\/page"}],"author":[{"embeddable":true,"href":"http:\/\/www.lafabriquedesimpossibles.com\/revons-rue-2016\/wp-json\/wp\/v2\/users\/1"}],"replies":[{"embeddable":true,"href":"http:\/\/www.lafabriquedesimpossibles.com\/revons-rue-2016\/wp-json\/wp\/v2\/comments?post=39"}],"version-history":[{"count":4,"href":"http:\/\/www.lafabriquedesimpossibles.com\/revons-rue-2016\/wp-json\/wp\/v2\/pages\/39\/revisions"}],"predecessor-version":[{"id":168,"href":"http:\/\/www.lafabriquedesimpossibles.com\/revons-rue-2016\/wp-json\/wp\/v2\/pages\/39\/revisions\/168"}],"wp:attachment":[{"href":"http:\/\/www.lafabriquedesimpossibles.com\/revons-rue-2016\/wp-json\/wp\/v2\/media?parent=39"}],"curies":[{"name":"wp","href":"https:\/\/api.w.org\/{rel}","templated":true}]}}