{"id":90,"date":"2016-03-09T11:14:18","date_gmt":"2016-03-09T10:14:18","guid":{"rendered":"http:\/\/www.lafabriquedesimpossibles.com\/revons-rue-2016\/?page_id=90"},"modified":"2016-05-19T14:22:23","modified_gmt":"2016-05-19T13:22:23","slug":"pratique","status":"publish","type":"page","link":"https:\/\/www.lafabriquedesimpossibles.com\/revons-rue-2016\/pratique\/","title":{"rendered":"PRATIQUE"},"content":{"rendered":"<div class=\"row\"> <div class=\"col-md-4\">\n<p>&nbsp;<\/p>\n<p>&nbsp;<\/p>\n<p>&nbsp;<\/p>\n<p>&nbsp;<\/p>\n<p>&nbsp;<\/p>\n<p><img loading=\"lazy\" class=\"aligncenter wp-image-432\" src=\"http:\/\/www.lafabriquedesimpossibles.com\/revons-rue-2016\/wp-content\/uploads\/2016\/03\/confettis.png\" alt=\"confettis\" width=\"322\" height=\"292\" \/><\/p>\n<\/div><div class=\"col-md-4\">\n<h2 style=\"text-align: center;\">SAMEDI 28 MAI 2016<\/h2>\n<h3 style=\"text-align: center;\">Parade<\/h3>\n<p style=\"text-align: center;\"><span style=\"text-decoration: underline;\"><span style=\"color: #000000;\"><strong>17h \/ D\u00e9part<\/strong> <\/span><\/span>sur le mail Belliard<br \/>\n<em>au niveau du 163, rue Belliard (Paris 18)<\/em><br \/>\n<span style=\"text-decoration: underline;\"><span style=\"color: #000000;\"><strong>18h15 \/ Surprises<\/strong><\/span><\/span> au Jardin \u00c9ph\u00e9m\u00e8re<br \/>\n<em>rue Neuve Pierre Curie, Saint-Ouen<\/em><br \/>\n<span style=\"text-decoration: underline;\"><span style=\"color: #000000;\"><strong>19h30 \/ Arriv\u00e9e<\/strong><\/span><\/span> \u00e0 Mains d\u2019\u0152uvres<br \/>\n<em>acc\u00e8s rue Myrtille Beer (Saint-Ouen)<\/em><\/p>\n<h3 style=\"text-align: center;\">F\u00eate finale<\/h3>\n<p style=\"text-align: center;\"><strong><span style=\"text-decoration: underline;\"><span style=\"color: #000000; text-decoration: underline;\">19h30 &#8211; 00h \/ Bouquet final<\/span><\/span><\/strong> \u00e0 Mains d\u2019\u0152uvres<br \/>\n<em>acc\u00e8s rue Myrtille Beer (Saint-Ouen)<\/em><\/p>\n<h4 style=\"text-align: center;\"><strong>Concerts<\/strong><\/h4>\n<p style=\"text-align: center;\"><strong>20h30\/\u00a0<a href=\"https:\/\/www.facebook.com\/Zapatriotes\/\" data-hovercard=\"\/ajax\/hovercard\/page.php?id=1497019750557548&amp;extragetparams=%7B%22directed_target_id%22%3A1785876758317432%7D\">Zapatriotes<\/a><\/strong>\u00a0\/ Chansons festives et abrasives<br \/>\n<strong>22h\/\u00a0<a href=\"https:\/\/www.facebook.com\/sabrifabrice.sayhi\" data-hovercard=\"\/ajax\/hovercard\/user.php?id=100001480161867&amp;extragetparams=%7B%22directed_target_id%22%3A1785876758317432%7D\">Sabri-Fabrice Sayhi<\/a><\/strong>\u00a0\/ DJ set tropical\/urbain<\/p>\n<h4 style=\"text-align: center;\"><strong>Restauration<\/strong><\/h4>\n<p style=\"text-align: center;\">Cuisines du monde \/\u00a0<a href=\"https:\/\/www.facebook.com\/plainedesaveurs93\/\" data-hovercard=\"\/ajax\/hovercard\/page.php?id=632910763410494&amp;extragetparams=%7B%22directed_target_id%22%3A1785876758317432%7D\">Plaine de Saveurs<\/a>\u00a0et Barbecue<br \/>\n<a href=\"https:\/\/www.facebook.com\/lesbrasseursvenusdelouen\/\" data-hovercard=\"\/ajax\/hovercard\/page.php?id=1672116579704155&amp;extragetparams=%7B%22directed_target_id%22%3A1785876758317432%7D\">Les Brasseurs venus de l&rsquo;Ouen<\/a>\u00a0\/ Bi\u00e8res artisanales<\/p>\n<h4 style=\"text-align: center;\"><strong>Installation<\/strong><\/h4>\n<p style=\"text-align: center;\">Fresque au sol \/ Lucie Le Bouder<\/p>\n<h2 style=\"text-align: center;\"><\/h2>\n<p>&nbsp;<\/p>\n<h2 style=\"text-align: center;\">\u2606 GRATUIT ET OUVERT \u00c0 TOUS \u2606<\/h2>\n<\/div><div class=\"col-md-4\">\n<p><img loading=\"lazy\" class=\"aligncenter wp-image-433\" src=\"http:\/\/www.lafabriquedesimpossibles.com\/revons-rue-2016\/wp-content\/uploads\/2016\/03\/oiseau.png\" alt=\"oiseau\" width=\"254\" height=\"204\" srcset=\"https:\/\/www.lafabriquedesimpossibles.com\/revons-rue-2016\/wp-content\/uploads\/2016\/03\/oiseau.png 1255w, https:\/\/www.lafabriquedesimpossibles.com\/revons-rue-2016\/wp-content\/uploads\/2016\/03\/oiseau-300x241.png 300w, https:\/\/www.lafabriquedesimpossibles.com\/revons-rue-2016\/wp-content\/uploads\/2016\/03\/oiseau-768x617.png 768w, https:\/\/www.lafabriquedesimpossibles.com\/revons-rue-2016\/wp-content\/uploads\/2016\/03\/oiseau-1024x823.png 1024w\" sizes=\"(max-width: 254px) 100vw, 254px\" \/><\/p>\n<p>&nbsp;<\/p>\n<p>&nbsp;<\/p>\n<p>&nbsp;<\/p>\n<p>&nbsp;<\/p>\n<p>&nbsp;<\/p>\n<p><img loading=\"lazy\" class=\"aligncenter wp-image-432\" src=\"http:\/\/www.lafabriquedesimpossibles.com\/revons-rue-2016\/wp-content\/uploads\/2016\/03\/confettis-e1463571294291.png\" alt=\"confettis\" width=\"295\" height=\"267\" srcset=\"https:\/\/www.lafabriquedesimpossibles.com\/revons-rue-2016\/wp-content\/uploads\/2016\/03\/confettis-e1463571294291.png 1008w, https:\/\/www.lafabriquedesimpossibles.com\/revons-rue-2016\/wp-content\/uploads\/2016\/03\/confettis-e1463571294291-300x272.png 300w, https:\/\/www.lafabriquedesimpossibles.com\/revons-rue-2016\/wp-content\/uploads\/2016\/03\/confettis-e1463571294291-768x696.png 768w\" sizes=\"(max-width: 295px) 100vw, 295px\" \/><\/p>\n<\/div><\/div>\n<p>&nbsp;<\/p>\n<p>&nbsp;<\/p>\n","protected":false},"excerpt":{"rendered":"<p>&nbsp; &nbsp;<\/p>\n","protected":false},"author":1,"featured_media":0,"parent":0,"menu_order":5,"comment_status":"closed","ping_status":"closed","template":"template-blog-grid.php","meta":[],"_links":{"self":[{"href":"https:\/\/www.lafabriquedesimpossibles.com\/revons-rue-2016\/wp-json\/wp\/v2\/pages\/90"}],"collection":[{"href":"https:\/\/www.lafabriquedesimpossibles.com\/revons-rue-2016\/wp-json\/wp\/v2\/pages"}],"about":[{"href":"https:\/\/www.lafabriquedesimpossibles.com\/revons-rue-2016\/wp-json\/wp\/v2\/types\/page"}],"author":[{"embeddable":true,"href":"https:\/\/www.lafabriquedesimpossibles.com\/revons-rue-2016\/wp-json\/wp\/v2\/users\/1"}],"replies":[{"embeddable":true,"href":"https:\/\/www.lafabriquedesimpossibles.com\/revons-rue-2016\/wp-json\/wp\/v2\/comments?post=90"}],"version-history":[{"count":24,"href":"https:\/\/www.lafabriquedesimpossibles.com\/revons-rue-2016\/wp-json\/wp\/v2\/pages\/90\/revisions"}],"predecessor-version":[{"id":451,"href":"https:\/\/www.lafabriquedesimpossibles.com\/revons-rue-2016\/wp-json\/wp\/v2\/pages\/90\/revisions\/451"}],"wp:attachment":[{"href":"https:\/\/www.lafabriquedesimpossibles.com\/revons-rue-2016\/wp-json\/wp\/v2\/media?parent=90"}],"curies":[{"name":"wp","href":"https:\/\/api.w.org\/{rel}","templated":true}]}}